{"id":1445,"date":"2022-07-22T11:11:18","date_gmt":"2022-07-22T08:11:18","guid":{"rendered":"http:\/\/pregatimviitorul.ro\/?page_id=1445"},"modified":"2022-09-21T22:34:57","modified_gmt":"2022-09-21T19:34:57","slug":"descriere","status":"publish","type":"page","link":"https:\/\/pregatimviitorul.ro\/en\/descriere\/","title":{"rendered":"Descriere"},"content":{"rendered":"<div class=\"fusion-fullwidth fullwidth-box fusion-builder-row-1 fusion-flex-container nonhundred-percent-fullwidth non-hundred-percent-height-scrolling\" style=\"background-color: var(--awb-color2);background-position: left top;background-repeat: no-repeat;background-blend-mode: screen;border-width: 0px 0px 0px 0px;border-color:var(--awb-color3);border-style:solid;\" ><div class=\"fusion-builder-row fusion-row fusion-flex-align-items-stretch fusion-flex-justify-content-center\" style=\"max-width:calc( 1370px + 0px );margin-left: calc(-0px \/ 2 );margin-right: calc(-0px \/ 2 );\"><div class=\"fusion-layout-column fusion_builder_column fusion-builder-column-0 fusion_builder_column_1_1 1_1 fusion-flex-column\"><div class=\"fusion-column-wrapper fusion-flex-justify-content-flex-start fusion-content-layout-column\" style=\"background-position:center center;background-blend-mode: overlay;background-repeat:no-repeat;-webkit-background-size:cover;-moz-background-size:cover;-o-background-size:cover;background-size:cover;border-radius:8px 0px 0px 8px;border-radius:8px 0px 0px 8px;overflow:hidden;padding: 0px 0px 0px 0px;\"><div class=\"fusion-text fusion-text-1\"><p class=\"s6\"><span class=\"s5\">Proiectul<\/span><span class=\"s5\"> \u201e<\/span><span class=\"s5\">Educ\u00e2nd<\/span> <span class=\"s5\">prezentul<\/span><span class=\"s5\">, <\/span><span class=\"s5\">preg\u0103tim<\/span> <span class=\"s5\">viitorul<\/span><span class=\"s5\">\u201d <\/span><span class=\"s5\">vizeaz\u0103<\/span> <span class=\"s5\">cre\u0219terea<\/span> <span class=\"s5\">incluziunii<\/span> <span class=\"s5\">sociale<\/span> <span class=\"s5\">\u0219i<\/span> <span class=\"s5\">a\u00a0<\/span><span class=\"s5\">impactului<\/span> <span class=\"s5\">m\u0103surilor<\/span><span class=\"s5\"> de <\/span><span class=\"s5\">sprijin<\/span> <span class=\"s5\">adresate<\/span> <span class=\"s5\">comunit\u0103\u021bilor<\/span><span class=\"s5\"> de <\/span><span class=\"s5\">romi<\/span> <span class=\"s5\">vulnerabile<\/span><span class=\"s5\">. <\/span><span class=\"s5\">Interven\u021bia<\/span> <span class=\"s5\">\u00ee\u0219i<\/span> <span class=\"s5\">propune\u00a0<\/span><span class=\"s5\">\u00eembun\u0103t\u0103\u021birea<\/span> <span class=\"s5\">nivelului<\/span><span class=\"s5\"> socio-<\/span><span class=\"s5\">educa\u021bional<\/span> <span class=\"s5\">pentru<\/span><span class=\"s5\"> 387 <\/span><span class=\"s5\">copii<\/span> <span class=\"s5\">\u0219i<\/span> <span class=\"s5\">tineri<\/span> <span class=\"s5\">\u0219i<\/span><span class=\"s5\"> 688 de <\/span><span class=\"s5\">adul\u021bi<\/span> <span class=\"s5\">prin\u00a0<\/span><span class=\"s5\">dezvoltarea<\/span> <span class=\"s5\">\u0219i<\/span> <span class=\"s5\">acordarea<\/span> <span class=\"s5\">timp<\/span><span class=\"s5\"> de 20 de <\/span><span class=\"s5\">luni<\/span><span class=\"s5\"> a <\/span><span class=\"s5\">unui<\/span> <span class=\"s5\">pachet<\/span><span class=\"s5\"> de <\/span><span class=\"s5\">servicii<\/span><span class=\"s5\"> socio-<\/span><span class=\"s5\">educa\u021bionale<\/span><span class=\"s5\"> care <\/span><span class=\"s5\">va\u00a0<\/span><span class=\"s5\">contribui<\/span><span class=\"s5\"> la <\/span><span class=\"s5\">cre\u0219terea<\/span> <span class=\"s5\">nivelului<\/span><span class=\"s5\"> de <\/span><span class=\"s5\">abilitare<\/span> <span class=\"s5\">precum<\/span> <span class=\"s5\">\u0219i<\/span><span class=\"s5\"> la <\/span><span class=\"s5\">cre\u0219terea<\/span> <span class=\"s5\">calit\u0103\u021bii<\/span> <span class=\"s5\">procesului<\/span> <span class=\"s5\">educa\u021bional<\/span><span class=\"s5\">\u0219i<\/span><span class=\"s5\"> a <\/span><span class=\"s5\">performan\u021belor<\/span> <span class=\"s5\">\u0219colare<\/span><span class=\"s5\">. <\/span><\/p>\n<p class=\"s8\"><span class=\"s7\">Proiectul<\/span> <span class=\"s7\">finan\u0163at<\/span> <span class=\"s7\">prin<\/span> <span class=\"s7\">Granturile<\/span><span class=\"s7\"> SEE 2014-2021 <\/span><span class=\"s7\">\u00een<\/span> <span class=\"s7\">cadrul<\/span> <span class=\"s7\">programului<\/span><span class=\"s7\"> \u201e<\/span><span class=\"s7\">Dezvoltare<\/span> <span class=\"s7\">local\u0103<\/span><span class=\"s7\">, <\/span><span class=\"s7\">reducerea<\/span> <span class=\"s7\">s\u0103r\u0103ciei<\/span> <span class=\"s7\">\u0219i<\/span> <span class=\"s7\">cre\u0219terea<\/span> <span class=\"s7\">incluziunii<\/span> <span class=\"s7\">romilor<\/span><span class=\"s7\">\u201d, <\/span><span class=\"s7\">prin<\/span> <span class=\"s7\">Fondul<\/span> <span class=\"s7\">Rom\u00e2n<\/span><span class=\"s7\"> de <\/span><span class=\"s7\">Dezvoltare<\/span> <span class=\"s7\">Social\u0103<\/span><span class=\"s7\"> \u2013 Operator de program <\/span><span class=\"s7\">este<\/span> <span class=\"s7\">implementat<\/span><span class=\"s7\">\u00a0<\/span><span class=\"s7\">\u00een<\/span> <span class=\"s7\">Municipiul<\/span> <span class=\"s7\">T\u00e2rn\u0103veni<\/span><span class=\"s7\">, <\/span><span class=\"s7\">\u00een<\/span> <span class=\"s7\">comuna<\/span> <span class=\"s7\">Zag\u0103r<\/span> <span class=\"s7\">\u0219i<\/span> <span class=\"s7\">\u00een<\/span> <span class=\"s7\">comuna\u00a0<\/span><span class=\"s7\">Vii\u0219oara<\/span><span class=\"s7\"> de <\/span><span class=\"s7\">Funda\u021bia<\/span><span class=\"s7\"> Buckner <\/span><span class=\"s7\">\u00een<\/span> <span class=\"s7\">parteneriat<\/span><span class=\"s7\"> cu <\/span><span class=\"s7\">Prim\u0103ria<\/span> <span class=\"s7\">Municipiului<\/span> <span class=\"s7\">T\u00e2rn\u0103veni<\/span> <span class=\"s7\">\u0219i<\/span> <span class=\"s7\">Prim\u0103ria\u00a0<\/span><span class=\"s7\">Comunei<\/span> <span class=\"s7\">Zag\u0103r<\/span> <span class=\"s7\">\u0219i<\/span> <span class=\"s7\">\u00een<\/span> <span class=\"s7\">colaborare<\/span><span class=\"s7\"> cu <\/span><span class=\"s7\">Prim\u0103ria<\/span> <span class=\"s7\">Comunei<\/span> <span class=\"s7\">Vii\u0219oara<\/span><span class=\"s7\">, <\/span><span class=\"s7\">\u0219i<\/span><span class=\"s7\"> cu <\/span><span class=\"s7\">unit\u0103\u021bile<\/span><span class=\"s7\"> de <\/span><span class=\"s7\">\u00eenv\u0103\u021b\u0103m\u00e2nt<\/span><span class=\"s7\">: <\/span><span class=\"s7\">\u0218coala<\/span> <span class=\"s7\">Gimnazial\u0103<\/span> <span class=\"s7\">nr<\/span><span class=\"s7\">. 3, <\/span><span class=\"s7\">\u0218coala<\/span> <span class=\"s7\">Gimnazial\u0103<\/span> <span class=\"s7\">Vasile<\/span><span class=\"s7\"> Moldovan, <\/span><span class=\"s7\">Liceul<\/span> <span class=\"s7\">Tehnologic<\/span> <span class=\"s7\">\u0219i<\/span> <span class=\"s7\">Liceul\u00a0<\/span><span class=\"s7\">Tehnologic<\/span><span class=\"s7\"> \u201eConstantin <\/span><span class=\"s7\">Br\u00e2ncu\u0219i<\/span><span class=\"s7\">\u201d din <\/span><span class=\"s7\">Municipiul<\/span> <span class=\"s7\">T\u00e2rn\u0103veni<\/span><span class=\"s7\">.<\/span><\/p>\n<p class=\"s8\"><span class=\"s9\">Bugetul<\/span><span class=\"s9\"> total<\/span><span class=\"s7\">\u00a0al <\/span><span class=\"s7\">proiectului<\/span> <span class=\"s7\">este<\/span><span class=\"s7\"> de\u00a0<\/span><strong><span class=\"s9\">4.772.527<\/span><span class=\"s9\">,53<\/span><span class=\"s9\">\u00a0<\/span><\/strong><span class=\"s7\"><strong>lei<\/strong>, din care <\/span><span class=\"s7\">valoarea<\/span> <span class=\"s7\">cofinan\u021b\u0103rii<\/span><span class=\"s7\"> private <\/span><span class=\"s7\">este<\/span><span class=\"s7\">de\u00a0<\/span><strong><span class=\"s9\">160.837,28\u00a0<\/span><span class=\"s7\">lei<\/span><\/strong><span class=\"s7\">.\u00a0<\/span><span class=\"s7\">Proiectul<\/span><span class=\"s7\"> se <\/span><span class=\"s7\">implementeaz\u0103<\/span> <span class=\"s7\">pe<\/span><span class=\"s7\"> o <\/span><span class=\"s7\">perioad\u0103<\/span><span class=\"s7\"> de\u00a0<\/span><strong><span class=\"s9\">20<\/span><span class=\"s7\">\u00a0<\/span><span class=\"s7\">luni<\/span><\/strong><span class=\"s7\">, <\/span><span class=\"s7\">\u00een<\/span> <span class=\"s7\">perioada<\/span><span class=\"s7\">\u00a0<\/span><strong><span class=\"s9\">Martie<\/span><span class=\"s9\"> 2022 \u2013 <\/span><span class=\"s9\">Octombrie<\/span><span class=\"s9\"> 2023<\/span><\/strong><span class=\"s7\">.<\/span><\/p>\n<\/div><div class=\"fusion-text fusion-text-2\"><p><span class=\"s10\">Proiectul contribuie direct si cu impact clar la realizarea obiectivelor din documentele strategice prin faptul ca prin actiunile si masurile integrate propuse in proiect se urmareste cresterea <\/span><span class=\"s10\">sanselor de incluziune sociala si nivelul de abilitare a persoanelor din grupul tinta in special a persoanelor de etnie roma. <\/span><\/p>\n<p><span class=\"s10\">In acest sens, activitatile si rezultatele vor include atat familii cat si persoane individuale, si se va avea in vedere ca in perioada de implementare a proiectului sa sprijinim beneficiarii proiectului pe de o parte sa isi dezvolte deprinderile pentru viata, sa isi dezvolte abilitatile de accesare a diferitelor resurse necesare pentru dezvoltare si pe de alta parte sa aiba acces la o serie de servicii integrate si concrete care sa ii sprijne sa poata sa se dezvolte in domenii vitale si necesare ca accesarea de locuri de munca si educatie. <\/span><\/p>\n<p><span class=\"s10\">Toate aceste propuneri ale proiectului contribuie la lucrul direct cu persoanele si comunitatile marginalizate, pentru care se propun masuri integrate care sunt corelate puternic cu nevoile comunitatii si asigura o mai buna implicare <\/span><span class=\"s10\">a<\/span><span class=\"s10\"> autoritatilor locale in munca efectiva cu persoanele din comunitatile marginalizate din Mun. <\/span><span class=\"s10\">Tarnaveni, Comuna Zagar si Comuna Viisoara vizate in proiect.<\/span><\/p>\n<p><span class=\"s10\">Av\u00e2nd \u00een vedere c\u0103 \u00een zonele de implementare a propunerii de proiect exist\u0103 o popula\u021bie semnificativ\u0103 apar\u021bin\u00e2nd minorit\u0103\u021bii rome, prin abordarea unor m\u0103suri integrate de sprijin \u00een domeniul educa\u021biei ce vor viza informarea \u0219i con\u0219tientizarea popula\u021biei locale cu privire la importan\u021ba educa\u021biei, facilitarea accesului la metode educa\u021bionale inovative, introducerea unor module de educa\u021bie non-formal\u0103 de nutri\u021bie \u0219i igien\u0103, dezvoltare durabil\u0103 \u0219i respectarea principiului egalit\u0103\u021bii de \u0219anse, propunerea de proiect va genera un efect pozitiv pe termen lung, at\u00e2t pentru GT, c\u00e2t \u0219i pentru comunit\u0103\u021bile respective.<\/span><\/p>\n<\/div><\/div><style type=\"text\/css\">.fusion-body .fusion-builder-column-0{width:100% !important;margin-top : 0px;margin-bottom : 0px;}.fusion-builder-column-0 > .fusion-column-wrapper {padding-top : 0px !important;padding-right : 0px !important;margin-right : 0;padding-bottom : 0px !important;padding-left : 0px !important;margin-left : 0;}@media only screen and (max-width:1265px) {.fusion-body .fusion-builder-column-0{width:100% !important;order : 0;}.fusion-builder-column-0 > .fusion-column-wrapper {margin-right : 0;margin-left : 0;}}@media only screen and (max-width:820px) {.fusion-body .fusion-builder-column-0{width:100% !important;order : 1;}.fusion-builder-column-0 > .fusion-column-wrapper {margin-right : 0;margin-left : 0;}}<\/style><\/div><\/div><style type=\"text\/css\">.fusion-body .fusion-flex-container.fusion-builder-row-1{ padding-top : 60px;margin-top : 0px;padding-right : 0px;padding-bottom : 60px;margin-bottom : 0px;padding-left : 0px;}@media only screen and (max-width:1265px) {.fusion-body .fusion-flex-container.fusion-builder-row-1{ padding-top : 0px;padding-bottom : 0px;}}@media only screen and (max-width:820px) {.fusion-body .fusion-flex-container.fusion-builder-row-1{ padding-top : 0;}}<\/style><\/div>","protected":false},"excerpt":{"rendered":"","protected":false},"author":1,"featured_media":0,"parent":0,"menu_order":0,"comment_status":"closed","ping_status":"closed","template":"100-width.php","meta":{"footnotes":""},"class_list":["post-1445","page","type-page","status-publish","hentry"],"_links":{"self":[{"href":"https:\/\/pregatimviitorul.ro\/en\/wp-json\/wp\/v2\/pages\/1445","targetHints":{"allow":["GET"]}}],"collection":[{"href":"https:\/\/pregatimviitorul.ro\/en\/wp-json\/wp\/v2\/pages"}],"about":[{"href":"https:\/\/pregatimviitorul.ro\/en\/wp-json\/wp\/v2\/types\/page"}],"author":[{"embeddable":true,"href":"https:\/\/pregatimviitorul.ro\/en\/wp-json\/wp\/v2\/users\/1"}],"replies":[{"embeddable":true,"href":"https:\/\/pregatimviitorul.ro\/en\/wp-json\/wp\/v2\/comments?post=1445"}],"version-history":[{"count":4,"href":"https:\/\/pregatimviitorul.ro\/en\/wp-json\/wp\/v2\/pages\/1445\/revisions"}],"predecessor-version":[{"id":1531,"href":"https:\/\/pregatimviitorul.ro\/en\/wp-json\/wp\/v2\/pages\/1445\/revisions\/1531"}],"wp:attachment":[{"href":"https:\/\/pregatimviitorul.ro\/en\/wp-json\/wp\/v2\/media?parent=1445"}],"curies":[{"name":"wp","href":"https:\/\/api.w.org\/{rel}","templated":true}]}}

<div class="fusion-fullwidth fullwidth-box fusion-builder-row-1 fusion-flex-container nonhundred-percent-fullwidth non-hundred-percent-height-scrolling" style="background-color: var(--awb-color2);background-position: left top;background-repeat: no-repeat;background-blend-mode: screen;border-width: 0px 0px 0px 0px;border-color:var(--awb-color3);border-style:solid;" ><div class="fusion-builder-row fusion-row fusion-flex-align-items-stretch fusion-flex-justify-content-center" style="max-width:calc( 1370px + 0px );margin-left: calc(-0px / 2 );margin-right: calc(-0px / 2 );"><div class="fusion-layout-column fusion_builder_column fusion-builder-column-0 fusion_builder_column_1_1 1_1 fusion-flex-column"><div class="fusion-column-wrapper fusion-flex-justify-content-flex-start fusion-content-layout-column" style="background-position:center center;background-blend-mode: overlay;background-repeat:no-repeat;-webkit-background-size:cover;-moz-background-size:cover;-o-background-size:cover;background-size:cover;border-radius:8px 0px 0px 8px;border-radius:8px 0px 0px 8px;overflow:hidden;padding: 0px 0px 0px 0px;"><div class="fusion-text fusion-text-1"><p class="s6"><span class="s5">Proiectul</span><span class="s5"> „</span><span class="s5">Educând</span> <span class="s5">prezentul</span><span class="s5">, </span><span class="s5">pregătim</span> <span class="s5">viitorul</span><span class="s5">” </span><span class="s5">vizează</span> <span class="s5">creșterea</span> <span class="s5">incluziunii</span> <span class="s5">sociale</span> <span class="s5">și</span> <span class="s5">a </span><span class="s5">impactului</span> <span class="s5">măsurilor</span><span class="s5"> de </span><span class="s5">sprijin</span> <span class="s5">adresate</span> <span class="s5">comunităților</span><span class="s5"> de </span><span class="s5">romi</span> <span class="s5">vulnerabile</span><span class="s5">. </span><span class="s5">Intervenția</span> <span class="s5">își</span> <span class="s5">propune </span><span class="s5">îmbunătățirea</span> <span class="s5">nivelului</span><span class="s5"> socio-</span><span class="s5">educațional</span> <span class="s5">pentru</span><span class="s5"> 387 </span><span class="s5">copii</span> <span class="s5">și</span> <span class="s5">tineri</span> <span class="s5">și</span><span class="s5"> 688 de </span><span class="s5">adulți</span> <span class="s5">prin </span><span class="s5">dezvoltarea</span> <span class="s5">și</span> <span class="s5">acordarea</span> <span class="s5">timp</span><span class="s5"> de 20 de </span><span class="s5">luni</span><span class="s5"> a </span><span class="s5">unui</span> <span class="s5">pachet</span><span class="s5"> de </span><span class="s5">servicii</span><span class="s5"> socio-</span><span class="s5">educaționale</span><span class="s5"> care </span><span class="s5">va </span><span class="s5">contribui</span><span class="s5"> la </span><span class="s5">creșterea</span> <span class="s5">nivelului</span><span class="s5"> de </span><span class="s5">abilitare</span> <span class="s5">precum</span> <span class="s5">și</span><span class="s5"> la </span><span class="s5">creșterea</span> <span class="s5">calității</span> <span class="s5">procesului</span> <span class="s5">educațional</span><span class="s5">și</span><span class="s5"> a </span><span class="s5">performanțelor</span> <span class="s5">școlare</span><span class="s5">. </span></p>
<p class="s8"><span class="s7">Proiectul</span> <span class="s7">finanţat</span> <span class="s7">prin</span> <span class="s7">Granturile</span><span class="s7"> SEE 2014-2021 </span><span class="s7">în</span> <span class="s7">cadrul</span> <span class="s7">programului</span><span class="s7"> „</span><span class="s7">Dezvoltare</span> <span class="s7">locală</span><span class="s7">, </span><span class="s7">reducerea</span> <span class="s7">sărăciei</span> <span class="s7">și</span> <span class="s7">creșterea</span> <span class="s7">incluziunii</span> <span class="s7">romilor</span><span class="s7">”, </span><span class="s7">prin</span> <span class="s7">Fondul</span> <span class="s7">Român</span><span class="s7"> de </span><span class="s7">Dezvoltare</span> <span class="s7">Socială</span><span class="s7"> – Operator de program </span><span class="s7">este</span> <span class="s7">implementat</span><span class="s7"> </span><span class="s7">în</span> <span class="s7">Municipiul</span> <span class="s7">Târnăveni</span><span class="s7">, </span><span class="s7">în</span> <span class="s7">comuna</span> <span class="s7">Zagăr</span> <span class="s7">și</span> <span class="s7">în</span> <span class="s7">comuna </span><span class="s7">Viișoara</span><span class="s7"> de </span><span class="s7">Fundația</span><span class="s7"> Buckner </span><span class="s7">în</span> <span class="s7">parteneriat</span><span class="s7"> cu </span><span class="s7">Primăria</span> <span class="s7">Municipiului</span> <span class="s7">Târnăveni</span> <span class="s7">și</span> <span class="s7">Primăria </span><span class="s7">Comunei</span> <span class="s7">Zagăr</span> <span class="s7">și</span> <span class="s7">în</span> <span class="s7">colaborare</span><span class="s7"> cu </span><span class="s7">Primăria</span> <span class="s7">Comunei</span> <span class="s7">Viișoara</span><span class="s7">, </span><span class="s7">și</span><span class="s7"> cu </span><span class="s7">unitățile</span><span class="s7"> de </span><span class="s7">învățământ</span><span class="s7">: </span><span class="s7">Școala</span> <span class="s7">Gimnazială</span> <span class="s7">nr</span><span class="s7">. 3, </span><span class="s7">Școala</span> <span class="s7">Gimnazială</span> <span class="s7">Vasile</span><span class="s7"> Moldovan, </span><span class="s7">Liceul</span> <span class="s7">Tehnologic</span> <span class="s7">și</span> <span class="s7">Liceul </span><span class="s7">Tehnologic</span><span class="s7"> „Constantin </span><span class="s7">Brâncuși</span><span class="s7">” din </span><span class="s7">Municipiul</span> <span class="s7">Târnăveni</span><span class="s7">.</span></p>
<p class="s8"><span class="s9">Bugetul</span><span class="s9"> total</span><span class="s7"> al </span><span class="s7">proiectului</span> <span class="s7">este</span><span class="s7"> de </span><strong><span class="s9">4.772.527</span><span class="s9">,53</span><span class="s9"> </span></strong><span class="s7"><strong>lei</strong>, din care </span><span class="s7">valoarea</span> <span class="s7">cofinanțării</span><span class="s7"> private </span><span class="s7">este</span><span class="s7">de </span><strong><span class="s9">160.837,28 </span><span class="s7">lei</span></strong><span class="s7">. </span><span class="s7">Proiectul</span><span class="s7"> se </span><span class="s7">implementează</span> <span class="s7">pe</span><span class="s7"> o </span><span class="s7">perioadă</span><span class="s7"> de </span><strong><span class="s9">20</span><span class="s7"> </span><span class="s7">luni</span></strong><span class="s7">, </span><span class="s7">în</span> <span class="s7">perioada</span><span class="s7"> </span><strong><span class="s9">Martie</span><span class="s9"> 2022 – </span><span class="s9">Octombrie</span><span class="s9"> 2023</span></strong><span class="s7">.</span></p>
</div><div class="fusion-text fusion-text-2"><p><span class="s10">Proiectul contribuie direct si cu impact clar la realizarea obiectivelor din documentele strategice prin faptul ca prin actiunile si masurile integrate propuse in proiect se urmareste cresterea </span><span class="s10">sanselor de incluziune sociala si nivelul de abilitare a persoanelor din grupul tinta in special a persoanelor de etnie roma. </span></p>
<p><span class="s10">In acest sens, activitatile si rezultatele vor include atat familii cat si persoane individuale, si se va avea in vedere ca in perioada de implementare a proiectului sa sprijinim beneficiarii proiectului pe de o parte sa isi dezvolte deprinderile pentru viata, sa isi dezvolte abilitatile de accesare a diferitelor resurse necesare pentru dezvoltare si pe de alta parte sa aiba acces la o serie de servicii integrate si concrete care sa ii sprijne sa poata sa se dezvolte in domenii vitale si necesare ca accesarea de locuri de munca si educatie. </span></p>
<p><span class="s10">Toate aceste propuneri ale proiectului contribuie la lucrul direct cu persoanele si comunitatile marginalizate, pentru care se propun masuri integrate care sunt corelate puternic cu nevoile comunitatii si asigura o mai buna implicare </span><span class="s10">a</span><span class="s10"> autoritatilor locale in munca efectiva cu persoanele din comunitatile marginalizate din Mun. </span><span class="s10">Tarnaveni, Comuna Zagar si Comuna Viisoara vizate in proiect.</span></p>
<p><span class="s10">Având în vedere că în zonele de implementare a propunerii de proiect există o populație semnificativă aparținând minorității rome, prin abordarea unor măsuri integrate de sprijin în domeniul educației ce vor viza informarea și conștientizarea populației locale cu privire la importanța educației, facilitarea accesului la metode educaționale inovative, introducerea unor module de educație non-formală de nutriție și igienă, dezvoltare durabilă și respectarea principiului egalității de șanse, propunerea de proiect va genera un efect pozitiv pe termen lung, atât pentru GT, cât și pentru comunitățile respective.</span></p>
</div></div><style type="text/css">.fusion-body .fusion-builder-column-0{width:100% !important;margin-top : 0px;margin-bottom : 0px;}.fusion-builder-column-0 > .fusion-column-wrapper {padding-top : 0px !important;padding-right : 0px !important;margin-right : 0;padding-bottom : 0px !important;padding-left : 0px !important;margin-left : 0;}@media only screen and (max-width:1265px) {.fusion-body .fusion-builder-column-0{width:100% !important;order : 0;}.fusion-builder-column-0 > .fusion-column-wrapper {margin-right : 0;margin-left : 0;}}@media only screen and (max-width:820px) {.fusion-body .fusion-builder-column-0{width:100% !important;order : 1;}.fusion-builder-column-0 > .fusion-column-wrapper {margin-right : 0;margin-left : 0;}}</style></div></div><style type="text/css">.fusion-body .fusion-flex-container.fusion-builder-row-1{ padding-top : 60px;margin-top : 0px;padding-right : 0px;padding-bottom : 60px;margin-bottom : 0px;padding-left : 0px;}@media only screen and (max-width:1265px) {.fusion-body .fusion-flex-container.fusion-builder-row-1{ padding-top : 0px;padding-bottom : 0px;}}@media only screen and (max-width:820px) {.fusion-body .fusion-flex-container.fusion-builder-row-1{ padding-top : 0;}}</style></div>
